-57 - x = -r*o. What is the units digit of o?
5
Let s be 210*((2 - 27/6) + 4). What is the tens digit of (34/30 - 42/s)*71?
7
Let z = 56 + -54. Suppose 4*y + y - 5*n = 5270, 4*y = -z*n + 4240. What is the hundreds digit of y?
0
Let j = -529 + 532. Suppose -3*w + 0*w = 12, -j*c = 3*w - 2046. What is the tens digit of c?
8
Suppose -15*c + 36 = -84. Suppose c = q + 4, -q + 1754 = u. What is the thousands digit of u?
1
Let b = -211 + 225. Suppose b*g = 6*g + 4064. What is the hundreds digit of g?
5
Let m = 247 + -245. Let j(w) = 81*w**3 - 3*w**2 + 2*w - 4. What is the units digit of j(m)?
6
Let o be 2/((-16)/(-66))*(-16)/(-12). Suppose o*v = 514 - 118. Suppose -11*u = -8 - v. What is the units digit of u?
4
Let y(u) = 5 + 8*u + 24 + 16 - 3. Let m be y(-5). What is the units digit of m*2 + (-2 - -1) + -2?
1
Let a = 29 - 25. Let r = -44 + 768. Suppose -2*t + 4*g = 2*t - r, -g - 724 = -a*t. What is the hundreds digit of t?
1
Let r(v) be the third derivative of v**5/30 + 2*v**4/3 + 53*v**3/3 + 132*v**2. What is the units digit of r(-19)?
4
Suppose -3*o + 12 = 3*o. Let n be ((-9)/o)/((-27)/2772). Suppose -i - v + 110 = 17, -5*i = 2*v - n. What is the tens digit of i?
9
Suppose 895*z - 897*z + 13720 = -f, -13716 = -2*z - f. What is the hundreds digit of z?
8
Suppose 21*a - 17*a = -264. Let l = 35 - a. What is the units digit of l?
1
Let o(h) = -3*h**3 - 210*h**2 - 66*h + 81. What is the thousands digit of o(-71)?
9
Let g(s) = 4504*s**2 - 519*s - 1549. What is the units digit of g(-3)?
4
Suppose -1 = x - 2*v - 8, x - 4*v = 5. Suppose x*q = -7 + 25. Let p(h) = 47*h + 4. What is the tens digit of p(q)?
9
Let x be (-11)/(1 + -5 + 3). Let u(w) = w**3 - 11*w**2 + 4. Let h be u(x). Suppose 4*g + 155 = 2*d + 19, 4 = -h*g. What is the tens digit of d?
6
Let v(t) = 98*t - 165. Let p(g) = 2*g**2 - 38*g - 35. Let a be p(20). What is the hundreds digit of v(a)?
3
Let r be 4350/(-35) + (-6)/(-21). Let k = -191 - r. Let z = -9 - k. What is the tens digit of z?
5
Suppose 3*x = -115 + 19. Suppose -4*l - 55 = -l - 2*j, 0 = 2*j + 8. Let f = l - x. What is the tens digit of f?
1
Suppose -42*h - 5180 = -49*h. Let v = h + -435. What is the tens digit of v?
0
Let x = -18 + 18. Suppose x = 3*m + b - 2*b - 35, -2*b - 18 = -2*m. Suppose -4*d + 81 = 3*q + m, -3*q - 58 = -5*d. What is the tens digit of d?
1
Let y(i) = -i**3 - 4*i**2 + 17*i + 23. Let v be y(-6). What is the tens digit of (30/v)/((-5)/5880*6)?
4
Let v = 810 + -822. Let n(q) = -2*q**3 - 18*q**2 - 15*q - 32. What is the thousands digit of n(v)?
1
Let h(f) = -f**3 - 3*f - 378. Let l be h(0). Suppose -92*u + 93*u = 529. Let w = l + u. What is the hundreds digit of w?
1
Suppose 299 - 1509 = -10*b. Let k = b - 78. Suppose k - 1 = 7*o. What is the units digit of o?
6
Let i be 0/(16/(-10)*25/(-10)). Suppose 435 = -i*j - 5*j. What is the tens digit of 6/12*(-1 - j)?
4
Suppose 180*w - 1785167 - 2429423 - 1669250 = 0. What is the thousands digit of w?
2
Let d(f) = 4*f**2 + 9*f - 11. Suppose -p = -4*p + 24. What is the tens digit of d(p)?
1
What is the ten thousands digit of 11947 - 3 - 9 - 24/4?
1
Suppose 5*v - h = -3*h + 19, 0 = -v + 4*h - 5. Suppose -3*s = 2*a - 385, -187 = -4*s - v*a + 327. What is the hundreds digit of s?
1
Let u(d) = 323*d - 10. Let n be u(-1). Let a = n - -340. What is the units digit of a?
7
Let c(y) = y**2 - y + 63. Let f(v) = v**2 - 1. Let g be (-2)/2*5/(-5). Let h(s) = g*c(s) - 2*f(s). What is the tens digit of h(0)?
6
Let i be 63*1*1/7. Let y = 404 + -272. Suppose y = i*v - 6*v. What is the tens digit of v?
4
Suppose -20*l = 15*l - 43*l + 6416. What is the hundreds digit of l?
8
Suppose 19*a - 84 = -312. What is the tens digit of 21*((-12)/a + 294/9)?
0
Let a(t) = 147*t**3 - 60*t**2 + 13. What is the thousands digit of a(4)?
8
Suppose 327875 = 41*y + 20*y. What is the hundreds digit of y?
3
What is the thousands digit of (-8)/1 - (-1 - (4461 + 0))?
4
Suppose -9*y + 810 = 279. Suppose 11*f = -62 - y. What is the tens digit of f/((-4)/(3 - -29))?
8
Suppose 0 = -2*s - 4, -s - 3234 = -4*d + 22044. What is the units digit of d?
9
Let z(f) = -54*f + 274. Let o be z(5). What is the thousands digit of 2/o - 25/10 - -1178?
1
Suppose 62 - 46 = 4*i. Suppose 0*s = 3*h - i*s - 4298, 0 = -2*h + 4*s + 2864. What is the hundreds digit of h?
4
What is the thousands digit of 11757*(85/306 - 2/(-36))?
3
Let z = -402 - -368. What is the tens digit of z*2*(-5)/10?
3
Let s be 64/20*(-10)/(-4). Suppose -9 = -s*i + 3703. What is the hundreds digit of i?
4
Let a(f) = 15*f - 12. Let p = 45 - 40. Suppose 5 = -4*g - p*d, 5*g - 4*d - 54 = -9. What is the tens digit of a(g)?
6
Let d be (-1354)/(-6)*6 + (1 - -1). Let l = -340 + d. What is the thousands digit of l?
1
Suppose 34*y - 29*y + 532117 = 22*y. What is the thousands digit of y?
1
Let y(w) = 219*w**2 + 2*w**3 + 8 + w**3 - 214*w**2 - 20*w. What is the units digit of y(5)?
8
What is the thousands digit of ((-144)/5 + 15)*-255?
3
Let q = 8383 + 2082. What is the tens digit of q?
6
What is the thousands digit of 544/(-128) + 104578/8?
3
Suppose -29*r + 11592 = -8*r. Let f = r - 346. What is the units digit of f?
6
Let h = 50 + -84. Let c = -5 + h. Let b = 98 + c. What is the units digit of b?
9
Suppose 33*j - 38*j = -200. Let u = 13 + j. Suppose -50*v = -u*v + 663. What is the tens digit of v?
2
Suppose 2*a + z = -a + 821, 5*a = 3*z + 1373. Suppose 16*f - a = 478. What is the tens digit of f?
4
Let o be ((-444)/(-7))/(2/7). Suppose 0*f = 5*f - 4*w - 1620, -f + 5*w + 324 = 0. Let v = f - o. What is the tens digit of v?
0
Suppose -4*r = 3*r - 3864. Suppose -9*t = -t - r. Suppose -3*p + t = 4*j, 4*p = 4*j + 2*p - 74. What is the units digit of j?
8
Let s(f) = 4*f**2 + 252*f - 93. What is the thousands digit of s(-70)?
1
Let r(a) = -a**3 + 6*a**2 + 4*a + 29. Let u be r(7). Suppose 9*l + 4*m - 309 = u*l, 4*l = 5*m + 1257. What is the units digit of l?
3
Let c(x) be the first derivative of -84*x**2 + 3*x + 39. What is the tens digit of c(-3)?
0
Suppose 7*f - 1452 = f. What is the hundreds digit of f/2*9/(-6)*-2?
3
What is the hundreds digit of ((658/3)/7)/(9/(17226/4))?
9
Let a be (2255 - 17) + (-3 - -5). Suppose 2*o = 3*r - 1328, 0*o - 2*o + a = 5*r. What is the hundreds digit of r?
4
Let q = 2800 - 1976. What is the hundreds digit of q?
8
Let c be 1*-12*1/(-4). Suppose c*v + 6*z = z + 2667, -4*v - z = -3573. What is the hundreds digit of v?
8
Suppose m - 1 = 0, 4*y + 4*m - 36 = -0*m. Suppose 3*r - y*h + 5*h - 1605 = 0, -r + 3*h = -541. Suppose -12*c = -8*c - r. What is the hundreds digit of c?
1
Suppose -1 = 2*q - 5*x, -q + 2*q + 4*x = 32. Let h(f) = f + 24. Let m be h(q). Suppose -3*a + m = 3*b, 2*b - 23 = -4*a + 3. What is the tens digit of b?
1
Suppose -4*u + 2*i = 0, 0*u - 3*u + 5*i - 14 = 0. Let n(h) = -2*h + u - 201*h**3 - 6 + 105*h**3 + 2 - h**2. What is the tens digit of n(-1)?
9
Suppose 8524 = -7446*r + 7447*r. What is the units digit of r?
4
Suppose -3*l = -l - p - 14344, 6*p + 21543 = 3*l. What is the units digit of l?
9
Let d be (-20)/(-80) + 110/8. Let n(s) = -9*s - d + 2 + 39*s**2 + 26. What is the units digit of n(2)?
2
What is the thousands digit of 329325/30*8/10?
8
Let o = 132 + -132. Suppose o = -21*x + 26*x - 975. What is the tens digit of x?
9
Let c(t) = t**3 + 5*t**2 - 3*t + 8. Let o be c(-5). Suppose -4*x + 28 = 4*r, 0*x - x - o = -5*r. What is the units digit of (-24)/(-36)*579/x?
3
Suppose -21564 = 36*g - 239076. What is the thousands digit of g?
6
Suppose -4*l + 26 = -2. Suppose 26*c + l*c = 20130. What is the units digit of c?
0
Suppose -10*o + 10962 = 4*o. Let q be (-1)/2 + o/58. What is the units digit of 39/q*(84 + 1)?
5
Let t be 260/(-20) + (1 - -3). Let x be 72 + -1 - 1 - (-5 - t). Suppose 0 = -12*a + 14*a - x. What is the units digit of a?
3
Suppose 0 = 31*r - 160843 - 19484. What is the tens digit of r?
1
Suppose 5*m - 616 = -3*t, -2*m - m = 2*t - 411. Suppose 16*b + 1198 = -690. Let h = t + b. What is the tens digit of h?
8
Let a(g) = -17*g - 17. Suppose -5*f = 5*d - 0*f - 50, 2*d = -5*f + 32. Suppose 4*r - d*r = -3*j - 11, 2*r + 38 = -4*j. What is the hundreds digit of a(j)?
1
Let y be ((-54)/(-4))/(6/24). Let u be 1215/(-40) - 15/(-40). Let n = y + u. What is the units digit of n?
4
Let q(z) = -z**3 - 28*z**2 + 28*z - 21. Let k be q(-29). 